6 + -19. Suppose -l = -1 - 0. Let g = 19 + l. What is the remainder when g is divided by u?
6
Let u = 35 - 24. Let t be (18/8)/((-6)/(-16)). Suppose 0 = -a - 2 + t. What is the remainder when u is divided by a?
3
Let a(x) = -x**3 - 9*x**2 - 9*x - 3. What is the remainder when 14 is divided by a(-8)?
4
Suppose -5*i + m = -0*m - 65, 4*i + 2*m - 66 = 0. Suppose 3*t + i = r, -5*r + 39 = -2*t - 57. Let p = -7 + r. Calculate the remainder when 38 is divided by p.
12
Let j(o) = 5*o - 6. Let a be j(10). Suppose s = 5*s - a. Calculate the remainder when 20 is divided by s.
9
Suppose -64 = -5*g + 151. What is the remainder when g is divided by 2*2*(-92)/(-16)?
20
Suppose -p = -4*p + 24. Suppose -5*l - 20 = 0, 0*l = -2*z + 5*l + 68. Calculate the remainder when (-8)/z + (-282)/(-9) is divided by p.
7
What is the remainder when 1/(3/804*2) is divided by 46?
42
Suppose 4*f - 4 - 4 = 0. Suppose -f*q = -b - 5, 0*q - 5*q + 20 = -b. Calculate the remainder when 8 is divided by q.
3
Suppose 35 = -5*m + 5*o, 4*m + 3*o = m - 27. Let q = m + 18. Calculate the remainder when q is divided by 3.
1
Suppose -t - 27 = -4*t. Suppose 4*l = l + t. Suppose -y - 13 = -4*y - m, -l*m - 33 = -3*y. Calculate the remainder when 22 is divided by y.
4
Let s(w) be the second derivative of 5*w**4/12 - w**3/3 - w**2/2 - w. Calculate the remainder when s(-3) is divided by ((-2)/(-3))/((-2)/(-51)).
16
What is the remainder when 2 is divided by 2/(-1) - (-7 + 4)?
0
Let p(g) = -g**2 + 5*g - 3. Let t(l) = l + 1. Let j(w) = -p(w) - 5*t(w). What is the remainder when 26 is divided by j(11)?
8
Let g(z) = z. Let k be g(5). Suppose -k*q + 54 = -56. Calculate the remainder when (-4)/22 + 488/q is divided by 6.
4
Let t = 3 + -3. Suppose t = -5*k + 4*b + 277, 0 = 4*k - 3*b + 2*b - 215. What is the remainder when k is divided by 18?
17
Let w = -380 - -668. Suppose 5*n - q - 282 = 3*q, -5*n + q = -w. Calculate the remainder when n is divided by 12.
10
Let j(o) be the third derivative of -o**4/12 - 4*o**3/3 + o**2. Let b be j(-7). Suppose -4 - b = -z. Calculate the remainder when 18 is divided by z.
8
Let o(n) = n**2 - 7*n - 13. What is the remainder when 16/(0 + 2/4) is divided by o(-3)?
15
Suppose 205 = 5*q - 0. Suppose -2*t + q - 1 = 0. Calculate the remainder when t is divided by 7.
6
Let y be (-8)/6*9/(-6). Let i = 7 - y. Let a = i + 12. What is the remainder when a is divided by 6?
5
Let k be 12 - 0 - 2/1. Suppose k = 3*u - u. Suppose b = 4*f - 44, u*b + 55 = 3*f + 2*f. Calculate the remainder when 31 is divided by f.
9
Let a(n) = 2*n**2 + 7*n - 15. What is the remainder when 65 is divided by a(-7)?
31
Let n = -131 - -174. Calculate the remainder when n is divided by 0/(2/(-2)) - -11.
10
Let g(y) = -33*y. Calculate the remainder when g(-2) is divided by 18.
12
Calculate the remainder when ((-12)/9)/(2/(-81)) is divided by 15*2 + (-2)/1.
26
Suppose f + 3 = 65. Suppose -r = a - 3*r + 2, a + 3*r = 3. Suppose -4*i - 3*l + 26 = -17, -5*i - l + f = a. Calculate the remainder when i is divided by 4.
1
Let j = 35 - 20. Calculate the remainder when (-6)/3 + 1 + 58 is divided by j.
12
Let w(r) = -r**2 + 5*r - 2. Let i be w(4). Suppose -60*h = -97 + 37. Calculate the remainder when i/3 + (-1)/(-3) is divided by h.
0
Let n(v) = -14*v - 33. What is the remainder when 45 is divided by n(-4)?
22
Suppose 0 = -4*i + 6*i - 74. Let o = i + 13. Suppose -2*r + 10 = c - 29, 4*r = 4*c + 48. Calculate the remainder when o is divided by r.
16
Let o = 354 + -245. Calculate the remainder when o is divided by 28.
25
Suppose -2*o = 207 - 47. What is the remainder when 3 + -1 + o/(-4) is divided by 8?
6
Let p(f) = -2*f. Let i be p(-2). Suppose -d - u + 0*u + 3 = 0, -3*d + 23 = -i*u. Suppose 0 = -l - 0 + 2. What is the remainder when d is divided by l?
1
Let b(o) = o**3 - o**2 - 3*o + 33. Calculate the remainder when b(0) is divided by 18.
15
Suppose -12*g + 63 = -11*g. Suppose -3*q + 108 = 2*o, -4*o + 9 + g = 2*q. What is the remainder when q is divided by 115/9 + (-2)/(-9)?
10
Let x(h) = 25*h - 4. Calculate the remainder when x(3) is divided by 18.
17
Let s(l) be the second derivative of l**4/4 + 2*l**3/3 + l**2 + 3*l. Calculate the remainder when (-10)/(-20) - 42/(-4) is divided by s(-2).
5
Let j = -54 - -56. Let v(d) be the first derivative of 3*d**4/4 - 2*d**3/3 + d**2 + d - 1. Calculate the remainder when 61 is divided by v(j).
19
Let p = 27 + -16. What is the remainder when p is divided by 7?
4
Let q(a) = 3*a + 12. Let c(l) = 3*l**3 + l**2 - 4*l + 4. Calculate the remainder when c(3) is divided by q(3).
19
Suppose 5*r + 135 = 2*r. Suppose -3 = h - 66. Let m = r + h. Calculate the remainder when m is divided by 7.
4
What is the remainder when 23 is divided by 6/(-15) + 134/10?
10
Suppose 3*o - 57 = 3*k, 0*o = 3*o + 2*k - 62. Calculate the remainder when 77 is divided by o.
17
Let v be (200/(-3))/(-4)*3. Suppose 3*z = z + v. Let i(t) = -t + 13. Calculate the remainder when z is divided by i(0).
12
Suppose -3*w + 5*u = -41 - 60, 3*w = -3*u + 141. What is the remainder when w is divided by 16 + 3 + 0 + 3?
20
Let i(t) = -3*t**3 + 2*t**2 - t + 1. Calculate the remainder when i(-2) is divided by (2 - 3)/((-4)/48).
11
Let p = 78 - 70. Calculate the remainder when p is divided by 2.
0
Let y(g) = -g**2 - 7*g + 6. Let l be y(-8). Let u(b) = b**3 + 3*b**2 + 2*b. Let q be u(l). What is the remainder when 1 is divided by 1 + q - 2 - -2?
0
Let u(o) = -o**2 + 4*o + 3. Let x be u(4). Suppose -2*p + x = -13. What is the remainder when 23 is divided by p?
7
Let a be ((-8)/(-10))/(4/30). Let l = a + 9. Calculate the remainder when 58 is divided by l.
13
Let x = 39 - 2. Let b(i) = 9*i**2 + 1. Let p be b(1). What is the remainder when x is divided by 134/10 + (-4)/p?
11
Suppose 3*h - 7 = 2. Calculate the remainder when h is divided by 2.
1
Let m = -44 - -72. What is the remainder when 54 is divided by m?
26
Let u be (3 + -6)/(2/(-36)). Calculate the remainder when 1392/u - (-4)/18 is divided by 14.
12
Let w(q) = 8*q - 1. Suppose -3*j = 2*j + m - 296, 0 = j - 3*m - 72. Calculate the remainder when j is divided by w(4).
29
Suppose 5*x - 21 = -4*u, -2*x + 3*u + u = -14. Suppose 2*k = -0*k + 28. Calculate the remainder when (-4)/k + 100/7 is divided by x.
4
Let f(h) = 31*h - 2. Let y be f(2). Suppose y = 4*s + s. Calculate the remainder when 23 is divided by s.
11
Let k = -24 - -34. Suppose -l - 2*g = -46, -5*l + 238 = g + 53. Suppose u - l = -u. What is the remainder when u is divided by k?
8
Let z(t) = -t**3 + 5*t**2 - 3*t - 2. Let b be z(4). Let k be (-18)/(-4) - b/4. Suppose k*n - 19 = 49. Calculate the remainder when n is divided by 9.
8
Let b(f) = f**3 + 4*f**2 + 2*f - 13. Calculate the remainder when b(3) is divided by 31.
25
Let x(p) = -p**2 + p + 1. Let r be x(0). Suppose -3 - 9 = -3*j. Let i = r + j. What is the remainder when 8 is divided by i?
3
Suppose 0 = k - 24 + 1. Suppose -5*i - 200 = -4*n, -4*n + 0*i + 188 = -2*i. What is the remainder when n is divided by k?
22
Let m be (-2)/4*(2 - -24). Let v = 6 - m. Calculate the remainder when 56 is divided by v.
18
What is the remainder when 15/5 + -5 + 65 is divided by 13?
11
Suppose 14 = l + 4*z, 3*l + 2*z = l + 10. Suppose l*x - 30 = -x. What is the remainder when 29 is divided by x?
9
Let j be -10*(3 + (-7)/2). Suppose 0*g + 3*g + 395 = j*h, -3*g = -3*h + 231. Calculate the remainder when h is divided by 28.
26
Suppose -7*o + 120 = -2*o. Suppose 0 = -4*g + 2*x + o, -x = -0*x. What is the remainder when g is divided by 2?
0
Let q(l) = 3*l - 4. Suppose -37 = -3*g - p - 15, 3*g - 2 = 4*p. What is the remainder when 41 is divided by q(g)?
13
Let n(c) = -8*c - 6. Let j be n(-4). Calculate the remainder when 4113/117 + (-4)/j is divided by 19.
16
Let u = -20 - -28. What is the remainder when 2/u - (-636)/16 is divided by 14?
12
Let z = -6 + 0. Let u = z - -12. Calculate the remainder when 22 is divided by u.
4
Suppose -4*o - 5*j + 50 = -110, 2*o - j - 66 = 0. Let x = 9 - -50. Suppose -1 = -5*s + x. What is the remainder when o is divided by s?
11
Let k = -50 - -77. Suppose 0 = 2*r - 5 - 7. Suppose -20 = -b - r. Calculate the remainder when k is divided by b.
13
Suppose 3*d - 4 + 16 = 0. Calculate the remainder when ((-375)/(-9) + d)*3 is divided by 29.
26
Let h(m) = m**3 - 2*m**2 - 4